
11
What is the remainder when 440399 is divided by 15728?
15
What is the remainder when 19967216 is divided by 457?
429
What is the remainder when 84539 is divided by 3040?
2459
What is the remainder when 2659828 is divided by 1111?
94
Calculate the remainder when 1075938 is divided by 2450.
388
Calculate the remainder when 155818 is divided by 1204.
502
What is the remainder when 870782 is divided by 435388?
6
Calculate the remainder when 69622 is divided by 367.
259
Calculate the remainder when 31580428 is divided by 7815.
13
Calculate the remainder when 13418528 is divided by 4472841.
5
Calculate the remainder when 465282 is divided by 114123.
8790
What is the remainder when 11021590 is divided by 327?
55
What is the remainder when 108375288 is divided by 211?
202
Calculate the remainder when 2075498 is divided by 518788.
346
Calculate the remainder when 593283 is divided by 335.
333
What is the remainder when 51999257 is divided by 6?
5
What is the remainder when 676791 is divided by 96670?
101
Calculate the remainder when 161290 is divided by 19.
18
Calculate the remainder when 1201345 is divided by 3939.
3889
What is the remainder when 1322805 is divided by 5167?
53
Calculate the remainder when 18212 is divided by 2571.
215
What is the remainder when 29626546 is divided by 1083?
1081
What is the remainder when 2624841 is divided by 6?
3
What is the remainder when 905550 is divided by 5166?
1500
Calculate the remainder when 607764 is divided by 535.
4
Calculate the remainder when 847021087 is divided by 265.
262
What is the remainder when 226399 is divided by 5655?
199
Calculate the remainder when 7582152 is divided by 15.
12
What is the remainder when 45454222 is divided by 1336888?
30
Calculate the remainder when 3248203 is divided by 649637.
18
What is the remainder when 486479807 is divided by 8103?
8099
Calculate the remainder when 234212 is divided by 472.
100
What is the remainder when 14817445 is divided by 3704361?
1
What is the remainder when 1059298 is divided by 15352?
10
What is the remainder when 133794 is divided by 44525?
219
What is the remainder when 436323 is divided by 436292?
31
Calculate the remainder when 16266171 is divided by 11367.
11361
What is the remainder when 17309440 is divided by 786783?
214
What is the remainder when 2025028 is divided by 184091?
27
Calculate the remainder when 13316936 is divided by 546.
542
What is the remainder when 47885 is divided by 11406?
2261
Calculate the remainder when 342144531 is divided by 21.
15
Calculate the remainder when 29759458 is divided by 11096.
11082
What is the remainder when 29243028 is divided by 5641?
84
What is the remainder when 174473337 is divided by 377?
376
What is the remainder when 11018471 is divided by 1224274?
5
What is the remainder when 18683 is divided by 3977?
2775
What is the remainder when 25499097 is divided by 550?
547
Calculate the remainder when 366915 is divided by 4880.
915
What is the remainder when 40489 is divided by 4930?
1049
What is the remainder when 376147 is divided by 4950?
4897
What is the remainder when 452085 is divided by 3399?
18
What is the remainder when 9989422 is divided by 794?
108
What is the remainder when 7850541 is divided by 1989?
1947
Calculate the remainder when 11276149 is divided by 51.
49
What is the remainder when 1771768 is divided by 25308?
208
Calculate the remainder when 686760 is divided by 991.
988
Calculate the remainder when 539621 is divided by 269729.
163
What is the remainder when 538536 is divided by 877?
58
Calculate the remainder when 189120 is divided by 1909.
129
What is the remainder when 7456591 is divided by 3728275?
41
What is the remainder when 20748575 is divided by 1105?
1095
What is the remainder when 78347 is divided by 290?
47
What is the remainder when 610047 is divided by 805?
662
Calculate the remainder when 3540601 is divided by 349.
345
Calculate the remainder when 6071475 is divided by 5298.
5265
What is the remainder when 12292864 is divided by 123?
121
Calculate the remainder when 8074059 is divided by 13002.
12819
Calculate the remainder when 524236 is divided by 131006.
212
Calculate the remainder when 6335802 is divided by 13567.
13
Calculate the remainder when 26913317 is divided by 30.
17
Calculate the remainder when 203047 is divided by 22552.
79
Calculate the remainder when 1070738 is divided by 20.
18
Calculate the remainder when 958564 is divided by 39.
22
Calculate the remainder when 8633613 is divided by 214.
211
Calculate the remainder when 5760066 is divided by 669.
645
What is the remainder when 20401669 is divided by 8420?
9
Calculate the remainder when 39053613 is divided by 17227.
4
Calculate the remainder when 6683591 is divided by 230.
21
Calculate the remainder when 47439281 is divided by 23719639.
3
What is the remainder when 79366 is divided by 150?
16
What is the remainder when 466085 is divided by 3107?
35
Calculate the remainder when 64525 is divided by 474.
61
What is the remainder when 28420 is divided by 6971?
536
Calculate the remainder when 9143611 is divided by 80.
11
Calculate the remainder when 21889218 is divided by 152.
2
Calculate the remainder when 269300 is divided by 26797.
1330
What is the remainder when 57250987 is divided by 2512?
2507
What is the remainder when 4119 is divided by 1336?
111
Calculate the remainder when 50396942 is divided by 50396937.
5
What is the remainder when 380900 is divided by 2164?
36
What is the remainder when 68544760 is divided by 48?
40
What is the remainder when 864432 is divided by 216071?
148
What is the remainder when 28904397 is divided by 279?
276
Calculate the remainder when 369818 is divided by 543.
35
What is the remainder when 217546696 is divided by 19240?
16
Calculate the remainder when 16229304 is divided by 1014331.
8
Calculate the remainder when 41680461 is divided by 1093.
1092
Calculate the remainder when 27341965 is divided by 1574.
11
Calculate the remainder when 625 is divided by 8.
1
What is the remainder when 504082 is divided by 4880?
1442
What is the remainder when 7518134 is divided by 3235?
3229
What is the remainder when 2515695 is divided by 27?
24
Calculate the remainder when 396875 is divided by 22.
17
Calculate the remainder when 2618206 is divided by 113835.
1
Calculate the remainder when 899092 is divided by 20909.
5
Calculate the remainder when 3138303 is divided by 348686.
129
Calculate the remainder when 1979157 is divided by 659710.
27
Calculate the remainder when 51346854 is divided by 44.
42
What is the remainder when 56801574 is divided by 104?
102
What is the remainder when 69202 is divided by 242?
232
What is the remainder when 1326539 is divided by 661783?
2973
Calculate the remainder when 5333626 is divided by 2666809.
8
What is the remainder when 440944 is divided by 439195?
1749
Calculate the remainder when 1139911 is divided by 977.
729
What is the remainder when 25614275 is divided by 3659179?
22
What is the remainder when 1677064 is divided by 5685?
5674
Calculate the remainder when 112894858 is divided by 52.
50
Calculate the remainder when 156218 is divided by 78089.
40
Calculate the remainder when 299201 is divided by 12958.
1167
What is the remainder when 44661941 is divided by 31?
24
What is the remainder when 1355178 is divided by 949?
6
Calculate the remainder when 930709 is divided by 465058.
593
What is the remainder when 724855 is divided by 350?
5
Calculate the remainder when 9465 is divided by 8626.
839
Calculate the remainder when 14513109 is divided by 3628263.
57
Calculate the remainder when 1284274 is divided by 428090.
4
Calculate the remainder when 432934248 is divided by 70.
68
What is the remainder when 5865140 is divided by 235?
10
What is the remainder when 240633 is divided by 2228?
9
What is the remainder when 468229 is divided by 101?
94
What is the remainder when 195050 is divided by 3558?
2918
What is the remainder when 179861 is divided by 85069?
9723
What is the remainder when 70698 is divided by 270?
228
Calculate the remainder when 10120883 is divided by 508.
507
Calculate the remainder when 44281355 is divided by 157.
133
What is the remainder when 15757643 is divided by 25?
18
Calculate the remainder when 1623245 is div